t the prime factors of 131734915.
5, 13, 23, 88117
List the prime factors of 2641837.
11, 37, 6491
What are the prime factors of 158213148?
2, 3, 223, 59123
What are the prime factors of 4116758602?
2, 11, 37, 151, 33493
What are the prime factors of 5573678708?
2, 13, 173, 619573
What are the prime factors of 2052526993?
11, 16963033
What are the prime factors of 123348666?
2, 3, 7, 2936873
What are the prime factors of 13865051?
13865051
List the prime factors of 153309790.
2, 5, 457, 33547
List the prime factors of 1349214249.
3, 6007, 74869
What are the prime factors of 724006186?
2, 12241, 29573
What are the prime factors of 1051024041?
3, 116780449
What are the prime factors of 411077411?
257, 1599523
List the prime factors of 51164865.
3, 5, 4679
What are the prime factors of 1058767306?
2, 529383653
List the prime factors of 40881412.
2, 11, 13, 71471
List the prime factors of 36868576.
2, 37, 31139
List the prime factors of 127237423.
31, 83, 49451
What are the prime factors of 16549214?
2, 11, 281, 2677
List the prime factors of 417099683.
7, 11, 13, 41, 10163
List the prime factors of 348849158.
2, 7, 19, 223, 5881
List the prime factors of 549188436.
2, 3, 31, 47623
What are the prime factors of 531474600?
2, 3, 5, 885791
What are the prime factors of 14485122?
2, 3, 17, 31, 509
List the prime factors of 2158926705.
3, 5, 13, 3690473
What are the prime factors of 4080844756?
2, 103, 137, 197, 367
What are the prime factors of 282149490?
2, 3, 5, 7, 1343569
List the prime factors of 288810681.
3, 29, 211, 15733
List the prime factors of 582415128.
2, 3, 269, 30071
List the prime factors of 33568993.
33568993
What are the prime factors of 2820418742?
2, 1410209371
List the prime factors of 135508060.
2, 5, 37, 183119
What are the prime factors of 70661942?
2, 13, 41, 5099
List the prime factors of 22281137.
3257, 6841
What are the prime factors of 2188865038?
2, 1094432519
List the prime factors of 6403186580.
2, 5, 7, 19, 103, 23371
What are the prime factors of 57835384?
2, 277, 26099
What are the prime factors of 1235446087?
73, 16923919
What are the prime factors of 69111005?
5, 37, 179, 2087
What are the prime factors of 1011085171?
19, 53215009
What are the prime factors of 372384998?
2, 29, 6420431
List the prime factors of 4835929582.
2, 11, 17, 41, 315373
What are the prime factors of 138704700?
2, 3, 5, 17, 27197
List the prime factors of 78567650.
2, 5, 7, 37, 6067
List the prime factors of 686956740.
2, 3, 5, 17, 673487
What are the prime factors of 265836835?
5, 11, 4833397
What are the prime factors of 78704977?
13, 6054229
List the prime factors of 17476483.
337, 51859
What are the prime factors of 635978238?
2, 3, 7, 103, 113, 1301
What are the prime factors of 429157486?
2, 17, 29, 25603
List the prime factors of 407138550.
2, 3, 5, 7, 13, 4261
List the prime factors of 294394.
2, 147197
List the prime factors of 51212074.
2, 25606037
List the prime factors of 105097029.
3, 47, 745369
List the prime factors of 893631341.
893631341
List the prime factors of 753317656.
2, 7, 13, 181, 5717
What are the prime factors of 744504238?
2, 372252119
List the prime factors of 670974283.
7, 877, 109297
List the prime factors of 4310636740.
2, 5, 215531837
List the prime factors of 5520791246.
2, 23, 257, 461, 1013
What are the prime factors of 1477310718?
2, 3, 13, 349, 54269
List the prime factors of 1384394.
2, 11, 62927
What are the prime factors of 54216163?
43, 1260841
What are the prime factors of 58169806?
2, 23, 1264561
What are the prime factors of 35842749?
3, 17, 643, 1093
What are the prime factors of 40816851?
3, 79, 172223
What are the prime factors of 354293164?
2, 109, 812599
List the prime factors of 43683077.
29, 53, 97, 293
What are the prime factors of 462542062?
2, 359, 499, 1291
What are the prime factors of 5890983525?
3, 5, 7, 41, 47, 647
What are the prime factors of 90295053?
3, 103, 107, 2731
What are the prime factors of 204048663?
3, 7, 13, 23, 32497
List the prime factors of 2217884645.
5, 47, 9437807
What are the prime factors of 674805934?
2, 11, 311, 98627
List the prime factors of 93936451.
7, 37, 79, 4591
What are the prime factors of 1963761646?
2, 7, 11, 1531, 8329
What are the prime factors of 13355727?
3, 7, 11, 17, 19, 179
What are the prime factors of 25801799?
25801799
What are the prime factors of 362492649?
3, 17, 2369233
What are the prime factors of 71740979?
19, 23, 181, 907
What are the prime factors of 18670938?
2, 3, 11, 13, 47, 463
What are the prime factors of 61209652?
2, 7, 2186059
What are the prime factors of 203299123?
9187, 22129
What are the prime factors of 261088030?
2, 5, 7, 101, 36929
List the prime factors of 561557678.
2, 11, 127, 200987
List the prime factors of 850027867.
13, 41, 293, 5443
What are the prime factors of 3563757828?
2, 3, 293, 337861
What are the prime factors of 94206158?
2, 47103079
List the prime factors of 165341970.
2, 3, 5, 599, 3067
List the prime factors of 39726015.
3, 5, 7, 54049
What are the prime factors of 233527635?
3, 5, 11, 673, 701
What are the prime factors of 2343928580?
2, 5, 7, 16742347
What are the prime factors of 413825484?
2, 3, 53, 650669
List the prime factors of 239514526.
2, 53, 2259571
What are the prime factors of 667945491?
3, 8527, 26111
What are the prime factors of 5568563768?
2, 1063, 654817
List the prime factors of 2632777269.
3, 31, 193, 146681
What are the prime factors of 94171211?
17, 31, 178693
List the prime factors of 402291799.
7, 13, 29, 152441
List the prime factors of 2006768692.
2, 501692173
What are the prime factors of 7075245677?
2389, 2961593
List the prime factors of 58375009.
7, 11, 113, 6709
List the prime factors of 22878005.
5, 17, 79, 3407
List the prime factors of 990715679.
47, 2207, 9551
What are the prime factors of 296703961?
296703961
What are the prime factors of 92960935?
5, 3583, 5189
What are the prime factors of 38959456?
2, 1217483
List the prime factors of 5921774488.
2, 7, 23, 89, 51659
List the prime factors of 420604296.
2, 3, 7, 2503597
List the prime factors of 122277626.
2, 7577, 8069
List the prime factors of 1697280490.
2, 5, 169728049
List the prime factors of 972741268.
2, 263, 924659
List the prime factors of 78621299.
78621299
List the prime factors of 16758334.
2, 8379167
List the prime factors of 2700374518.
2, 1350187259
What are the prime factors of 195721314?
2, 3, 32620219
List the prime factors of 569269071.
3, 7, 277, 32621
List the prime factors of 831532282.
2, 7, 31, 1051, 1823
List the prime factors of 7347688.
2, 431, 2131
What are the prime factors of 13595131?
11, 61, 20261
List the prime factors of 9080707.
9080707
List the prime factors of 629125952.
2, 7, 13, 108023
List the prime factors of 133428496.
2, 8339281
List the prime factors of 29455580.
2, 5, 7, 11, 31, 617
List the prime factors of 94417830.
2, 3, 5, 13, 17, 47, 101
List the prime factors of 126686361.
3, 42228787
List the prime factors of 194930351.
7, 11, 2531563
List the prime factors of 332581216.
2, 11, 944833
What are the prime factors of 80380235?
5, 13, 67, 18457
What are the prime factors of 54431848?
2, 53, 128377
What are the prime factors of 5921219163?
3, 71, 27799151
What are the prime factors of 380067664?
2, 53, 448193
List the prime factors of 1071539117.
11, 97412647
What are the prime factors of 220329221?
7, 109, 288767
List the prime factors of 216276638.
2, 719, 150401
What are the prime factors of 1944781483?
1944781483
List the prime factors of 78779548.
2, 19, 61, 16993
List the prime factors of 290209335.
3, 5, 13, 239, 479
What are the prime factors of 2741352154?
2, 1370676077
List the prime factors of 134999233.
569, 237257
What are the prime factors of 109484088?
2, 3, 7, 173, 3767
What are the prime factors of 1000326846?
2, 3, 166721141
What are the prime factors of 341290062?
2, 3, 17, 1115327
List the prime factors of 263941.
263941
What are the prime factors of 380954347?
107, 541, 6581
List the prime factors of 17446024.
2, 47, 46399
List the prime factors of 126658163.
126658163
List the prime factors of 699590998.
2, 349795499
What are the prime factors of 1806740596?
2, 451685149
List the prime factors of 2070875976.
2, 3, 13, 103, 4957
What